ulate d(l).
-12
Let d(v) be the third derivative of -v**6/120 - v**5/30 - v**4/24 - 2*v**3/3 - 97*v**2. What is d(-4)?
32
Let v(p) be the third derivative of 0 + 3*p**2 + 0*p**3 - 1/2*p**4 + 0*p. Determine v(-1).
12
Let t be ((-40)/14)/(22/(-77)) - 0. Suppose -8*b = 38 + t. Let d(u) = 5*u**2 - u - 4*u**2 + 7*u. Give d(b).
0
Let r(q) be the second derivative of q**4/12 - 4*q**3/3 + 5*q**2/2 + 31*q. Suppose -5*l + 5*d = -0 - 20, -2*l + d + 9 = 0. What is r(l)?
-10
Let j(x) = x**2 - 5*x. Let p be j(7). Suppose p = -5*b - 1. Let s(t) = 117 - 115 + t**2 + 3*t + 2*t. Determine s(b).
-4
Let b(j) = 2*j + 10. Let z(t) = 16*t + 152. Let l be z(-10). Give b(l).
-6
Suppose 0 = 3*k - 1 - 8. Let m = 8 - 5. Let l(s) = -1 + 0*s**k + s**m - 2*s**2 - 1. Calculate l(2).
-2
Let z(b) = -11*b + 11*b + 4*b + 2*b - 4. Suppose -3*o = 2*o - 20. Suppose 2*k - 3*v = -o + 19, -2*v - 21 = -5*k. Determine z(k).
14
Let m(v) = -v**3 + 4*v**2 + 7*v - 4. Let t(g) = 10 + 3*g + 4 + 9. Let n be t(-6). Give m(n).
6
Let g(n) = -3*n**3 + 3*n**2 - 3*n + 3. Let b(z) = z**3 + z - 1. Suppose -6*f + 7*f - 4 = 0. Let d(u) = f*b(u) + g(u). Determine d(-2).
1
Let b(c) = -2*c + 3 + 11*c + 0 - 6*c + 8*c. Calculate b(-2).
-19
Let b(a) = a**3 + 4*a**2 - a - 2. Let f = 494 + -498. Determine b(f).
2
Let r(f) = -3*f**2 - 17*f - 10. Let c be r(-5). Suppose -5*l + 4*i = -2*l - 4, -5*l + i + 18 = c. Let q(h) = -h**2 + 2*h + 5. Give q(l).
-3
Let p = -420 + 418. Let s(z) = 7*z - 2. Calculate s(p).
-16
Let b(v) = 6*v - 2. Suppose -43*t + 36*t + 35 = 0. Give b(t).
28
Let x(h) be the first derivative of -h**3/3 + 3*h**2 - h - 1. Let b(d) = -d**3 + 5*d**2 + 4. Suppose 4*s - 14 - 6 = 0. Let m be b(s). Give x(m).
7
Let b be 2*1 + (-598)/312. Let n(l) be the second derivative of 2*l**2 - b*l**4 + 4*l + 0 + 0*l**3. Give n(0).
4
Let k(u) be the third derivative of u**4/24 - 13*u**3/6 - 482*u**2. Calculate k(11).
-2
Let g(h) = -h**2 + h + 1. Let z(i) = i**2 - 2*i. Let q(b) = 2*g(b) + z(b). Determine q(3).
-7
Let b(a) = a**2 - 12*a + 8. Let r(j) = -j. Let q(p) = p**2 + 6*p + 6. Let h be q(-5). Let y(v) = h*b(v) - 4*r(v). Determine y(6).
-4
Let g(d) = -4 - 842*d + 2 + 840*d. Let x(i) = i + 1. Let m(w) = 6*g(w) + 13*x(w). Let p(o) = -o**3 + 3*o**2 + 3*o - 1. Let h be p(4). Determine m(h).
-4
Let i(n) = -109*n**2 - 44 - 6*n + n + 47 + 110*n**2. Let c = 1 - -6. Calculate i(c).
17
Let a = -19 - -22. Let f(i) = i**2 - 2*i + 18*i**a - 17*i**3 + 2*i**2. Give f(-2).
8
Let i(o) = -9 - o - 2*o + o + o**2 + 0*o**2 - 4*o. Give i(6).
-9
Let j be 1/(-7) - 38/(-266). Let y(h) be the third derivative of 0 - 1/3*h**3 + h**2 - 1/24*h**4 + 0*h. Calculate y(j).
-2
Let r(h) be the third derivative of -h**5/60 + 17*h**4/24 - 49*h**3/6 - 102*h**2 + 2*h. What is r(14)?
-7
Let g(u) = u**2 + 5*u - 6. Suppose 507 = -3*b + 519. Calculate g(b).
30
Let j(y) = -9*y - 7. Let r(d) = 18*d + 17. Let x(i) = 5*j(i) + 2*r(i). Determine x(4).
-37
Let v = 8 + 32. Let p be (64/v)/((-2)/5). Let c(w) = -w**2 - 2*w + 1. What is c(p)?
-7
Let i(b) = 6*b. Let x(s) = -2*s. Let a(g) = 2*g - 2. Let u be a(-4). Let h(m) = u*x(m) - 3*i(m). Calculate h(6).
12
Let y(b) = -b - 7. Let q be (-2)/13 - (-315)/(-65). Let a be 12/(q - 52/(-8)). Determine y(a).
-15
Let v(t) = 4*t**3 + 16*t**2 + t - 8. Let p(z) = -z**3 - z**2 - 2*z + 1. Let u(o) = 5*p(o) + v(o). Give u(10).
7
Let h(o) = o**2 + 4*o - 16. Suppose 4*g = -4*r - 16, -2*g - 2*r = 6*g + 56. Give h(g).
16
Let h be 2/4*(-2 + 12). Let l(p) = -p**3 + 5*p**2 + 3*p + 4. Give l(h).
19
Let v(o) = -o**3 + 14*o**2 + 5. Suppose -6 = z + 4*y, 2*z + 37 = -2*y + 55. Determine v(z).
5
Let p(k) = k. Let y(v) = -v - 2. Let n(w) = w + 3. Let l(c) = 4*n(c) + 6*y(c). Let o(j) = 3*l(j) + 8*p(j). Suppose 3*f - 15 + 0 = 0, 2*z - 11 = -f. Give o(z).
6
Let y be (0 - (0 - 2)) + 1. Suppose 4*d + y*z = 8, -9*z = 2*d - 7*z - 2. Let n(v) = 2*v - 7. Calculate n(d).
3
Suppose 6*b - 1 + 1 = 0. Let q(c) = c + b*c + 3 + 2. Suppose n - 1 = -7. What is q(n)?
-1
Let y = 23 - 17. Suppose -37 - 5 = 5*r + 4*j, -4*j - y = -r. Let t(x) = x**2 + 6*x - 2 - 2*x + x. Calculate t(r).
4
Let z = -119 - -90. Let q = z + 32. Let y(w) = -w**3 + 3*w**2 - 2*w - 4. Calculate y(q).
-10
Let k(d) = d**3 - 5*d**2 - d + 3. Let y = -792 + 797. Determine k(y).
-2
Suppose 3*j = 6*j - 9. Suppose -j*l - 6 = -9. Let p(t) = -2*t**3 - 3*t**2 + 3*t - 1. Let g be p(l). Let a(i) = 5*i - 1. Give a(g).
-16
Let j(g) = g**3 + g - 6. Let m be j(0). Let y(s) = 53*s + 33 + 25 - 52*s - 58. What is y(m)?
-6
Suppose 38 = 14*p - 88. Let u(v) = -v - 7. What is u(p)?
-16
Suppose 0 = 4*a - 3620 + 3588. Let w(d) = d + 5. Determine w(a).
13
Let d be ((20/15)/(-4))/(1/(-15)). Suppose -5*b = 3*m - 13, d*m - 3*b = 3 - 4. Let g(x) = -4*x**2 + x. What is g(m)?
-3
Suppose 0 = 3*y + 5*m - 21, y - m = 3*y - 7. Suppose -y*i = -g - 1 - 3, i - 23 = 4*g. Let p(a) = a**3 + 7*a**2 + 6*a - 1. What is p(g)?
-1
Let k(m) = m**3 + 3*m**2 - 3*m + 2. Let h = -24 - -43. Let d = -343 - -320. Let x = h + d. Determine k(x).
-2
Let r(t) = -t**3 + 5*t**2 + t + 1. Let a = -1340 + 1344. What is r(a)?
21
Let r = 31 - 23. Let y(u) = 3*u - r*u - 4 + 4*u. Give y(4).
-8
Let f(s) = 47*s - 26 - 68 + 63*s - 119*s. Calculate f(-10).
-4
Let w = -15 - -15. Suppose -18 = -s - 5*o + 2*o, w = -2*o + 10. Let l(f) = f**2 - 5*f + 2. Give l(s).
-4
Let k(x) = -x**2 - x - 1. Let f be k(-1). Let s be f/3 - 148/(-12). Let i(j) = s*j**3 + 25*j - 10*j - 14*j + j**2 + 0*j**2. Give i(-1).
-12
Let w(p) = p**2 - p. Let n(q) = 3*q - 9. Let s be n(9). Let z be 12/54*s/2. Suppose -4*u = -3*g + z, -5*g - 2*u - 8 = 6. Calculate w(g).
6
Suppose 4*v - 5 = p, 25*v - 27*v - 3 = 5*p. Suppose 5*b - 4*o - 22 = 0, o = -b - 0*b - 1. Let g(k) = b*k - 2*k**3 - 1 - 2*k**3 + 2*k**3. Give g(v).
-1
Let i be 1/(3*(-5)/(-630)). Suppose -5*m + 22 - i = 0. Let p(x) be the third derivative of -x**6/120 - x**5/15 - x**4/12 - 2*x**3/3 + x**2. What is p(m)?
4
Let s = 803 + -800. Let f(v) = -v**2 + 2*v + 2. Determine f(s).
-1
Let g(k) = k**2 + 13*k + 17. Let w(j) = j**2 + 13*j + 16. Let d(t) = -4*g(t) + 5*w(t). Suppose -14*i - 8*i = 264. Give d(i).
0
Let p(z) be the first derivative of -z**3/3 + 5*z**2/2 - 3*z + 153. Let x be (2/(-4) - 0)*-2. Suppose x = -g + 5. What is p(g)?
1
Suppose -3*k - 96 = -4*a, -4*a + 3*a + k + 25 = 0. Let y(p) = p - 5*p - 24 + a. Determine y(-3).
9
Let q(g) = -3*g**2 - 4*g**2 - 12 + 3 + g**2 - 5*g + g**3. Let w be q(7). Let y(c) = 14 - 14 - 4*c - c**3 + w*c**2. What is y(3)?
6
Let y(s) = 2*s**2 + 3*s - 3. Let l be y(0). Let k be 3 - 0 - (2 - 1). Let n(b) = b - b - 30*b**3 + 29*b**3 - k*b**2 - 2. Calculate n(l).
7
Let p(j) = -3*j - 3. Suppose d - 8*d + 21 = 0. Suppose d*v + 6*v + 18 = 0. What is p(v)?
3
Suppose -3*h - 2 = -2*r, -5*r + 43 = -2*h + 4*h. Let a(o) = -o - r + 2*o + 7. What is a(6)?
6
Suppose -r = -7 + 5. Let w(q) be the second derivative of 4*q + 0 + 2/3*q**3 + 1/2*q**r. What is w(2)?
9
Let i(s) = -29*s**2 + s + 1. Let f(h) = -53*h**2 + h + 1. Let c(g) = -6*f(g) + 11*i(g). Calculate c(5).
5
Let k = 352 - 369. Let l(g) = 2*g**2 + 33*g - 20. Give l(k).
-3
Let k(b) = -7*b - 5. Let m(w) = 70*w + 628. Let n be m(-9). Determine k(n).
9
Let c(f) be the third derivative of -f**4/12 + 13*f**3/6 + 7*f**2. Let a be c(4). Let z(y) = y**3 - 5*y**2 + y - 4. Calculate z(a).
1
Suppose -7*l = l - 16. Let i be (-3 - -2)/(l/12). Let r(y) = 3 + 3*y - 3*y + y. Calculate r(i).
-3
Let c(u) = -u + 2. Suppose -2*t - 3*n = n - 38, 0 = 2*n - 10. Give c(t).
-7
Let r(i) = 7*i**2 - 5*i + 7. Let g(d) = -d**2 + d - 1. Let f(y) = -6*g(y) - r(y). Let b(h) = -h**3 + 11*h**2 + h + 2. Let w(o) = b(o) + 5*f(o). What is w(5)?
2
Let n(o) = 5*o**3 + 4*o - 3. Let u(p) = -p**2 + 6*p + 8. Let r be u(7). Give n(r).
6
Let w(z) = -z**3 + 6*z**2 - 6*z + 5. Suppose 3*k = 11 + 4. Give w(k).
0
Suppose 3*o + 4*n - 8 = -o, 3*o = -2*n + 5. Let d(g) be the third derivative of -g**6/120 - g**5/30 + g**3/6 - 36*g**2. What is d(o)?
-2
Let u(r) = r - 11. Let y be u(10). Let j(b) be the second derivative of -1/2*b**2 + 0 - b**4 - 1/3*b**3 + 5*b. Determine j(y).
-11
Suppose -4*l + 84 = -z, 0 = -7*z + 2*z + 3*l - 488. Let j = z - -97. Let f(d) = -2*d + 1. Determine f(j).
7
Suppose 4*i + 3 = -1 - 0. Let h(b) = -8*b + 1. Let y(n) = -15*n + 2. Let q(k) = 5*h(k) - 3*y(k). Give q(i).
-6
Let l(q) = -q. Suppose 1